 o = 205 - 330. Let q = -109 - o. Calculate the highest common divisor of q and 2.
2
Let a(i) = i**3 + 4*i**2 + 3*i + 2. Let r be a(-3). Suppose -3*q = -15, -3*d = -5*q - 15 - 2. What is the greatest common factor of r and d?
2
Let p(x) be the third derivative of 0*x - 4*x**2 - 1/60*x**5 + 5/8*x**4 + 0 - 5/6*x**3. Let u be p(14). Calculate the greatest common factor of u and 72.
9
Suppose 3*f + 3*t - 23 = 97, -20 = -5*t. What is the greatest common divisor of f and 276?
12
Let c = -92 - -99. Let u be (16/(-5))/((-3)/15). Let d be (84/8)/(6/u). What is the greatest common factor of d and c?
7
Let p(r) = r**3 - 11*r**2 - 12*r - 18. Let i be p(12). Let b be 4/i - (0 - 80/36). Calculate the greatest common divisor of b and 2.
2
Let c(s) = 7*s + 3 - 6 - 2 + 10*s**2 - 4 + s**3. Let r be c(-9). Let l = 149 - 104. Calculate the greatest common factor of l and r.
9
Let d = -1430 + 2838. Calculate the greatest common factor of 11 and d.
11
Let o be 112/(-4)*(-660)/77. Calculate the highest common divisor of o and 15.
15
Let s = -98 + 96. Let a be ((-6)/(-2) - -33) + s. What is the greatest common divisor of a and 85?
17
Suppose 42 = 2*z - 5*z. Let b = 27 + z. Calculate the highest common divisor of b and 104.
13
Suppose -4*w + 3*q = -2595, -804 = -5*w + 5*q + 2441. What is the highest common factor of w and 27?
27
Suppose 3*g - 1 - 2 = -d, -d - 1 = 2*g. Let t be d/6*8/(-6). Suppose i + 6 = 5*y + 16, -5*y = -t*i + 20. What is the highest common divisor of 4 and i?
2
Let u be 477/5 + 5*2/(-25). What is the greatest common divisor of u and 38?
19
Suppose -h - 124 + 172 = 0. Suppose -52 = -5*p - 4*u, -p + 0*p = 3*u - 6. Calculate the highest common factor of p and h.
12
Let z = 276 - 225. What is the greatest common factor of 3 and z?
3
Suppose -823 = -3*w + 464. What is the highest common factor of 99 and w?
33
Let g(n) = -n**2 - 40*n - 39. Let b be g(-37). Let x be (-1 - -7)*(-4)/(-3). Calculate the greatest common divisor of x and b.
8
Let f(c) = -3*c - 3. Let d be f(-1). Suppose y = -l - d*y, -4 = -5*l - y. Calculate the greatest common factor of l and 11.
1
Let r(m) = -m**2 - 9*m + 16. Let f be r(-9). Let x be -2*4/8*-3. Suppose 2*d + 24 = x*d. What is the greatest common divisor of d and f?
8
Suppose 2 = -f + 4. Suppose -4*j - 32 - 2 = -3*q, j - 30 = -f*q. Let k(u) = u. Let p be k(q). What is the highest common divisor of p and 98?
14
Suppose -364 = -5*y + s + 680, 0 = s + 4. Calculate the greatest common divisor of 4 and y.
4
Suppose -3*i = -8*i + 205. Let a = -2031 + 2072. What is the highest common factor of a and i?
41
Let f be ((-6)/15)/((-5)/43700). Calculate the greatest common factor of f and 76.
76
Suppose -4*u - 4*i + 41 = -7*i, -31 = -3*u + 2*i. Let p = -404 + 673. Let b = p - 159. What is the highest common factor of u and b?
11
Let c be (-1910)/(-3) + 152/114. What is the greatest common divisor of c and 22?
22
Suppose 8 + 8 = 4*w - v, -3*w - 5*v = 11. Let t = 21 - 5. Suppose -t = -w*c + 62. Calculate the highest common factor of c and 13.
13
Let d(n) = 11*n**3 - n**2 - n + 1. Let y be d(2). Suppose 0 = -6*b + 7 + y. What is the highest common factor of 135 and b?
15
Suppose 0 = -5*x - 9 + 79. Let d be 5/10 - (-2)/((-3)/1842*-8). Calculate the greatest common factor of d and x.
14
Suppose -y - j - 1 = 0, y - j + 0 - 5 = 0. Let x be 5 + (-1 - (y + -1)). Let v be (-3)/((-12)/208) + x. What is the greatest common factor of 5 and v?
5
Let j = -145 - -275. Suppose 50 = q + 4*q. Calculate the highest common divisor of q and j.
10
Suppose 43*s = 15*s + 420. Calculate the greatest common factor of 705 and s.
15
Let s be (8 + -7)/(2/6). Suppose 4*c - s*j - 18 = 2*j, j - 2 = 0. Suppose -c*n = -2*n - 765. Calculate the greatest common divisor of 17 and n.
17
Let d = 18 + -54. Let x be (d - -8)/((-2)/4). Suppose -u = u - x. Calculate the greatest common divisor of u and 308.
28
Let p = -840 - -857. What is the highest common factor of p and 1?
1
Let v(q) = 2*q**2 + 84*q - 116. Let b be v(-44). What is the greatest common divisor of 50 and b?
10
Let x(s) = 3 + 3*s**2 - 3. Let f be (-2 - 4)*(68/(-8) - -8). Let i be x(f). Calculate the highest common divisor of i and 3.
3
Suppose 0 = 4*x - 2*c - 34, 6 = -x - 5*c - 2. Let d be -2 - (-2*x - -2). What is the greatest common factor of d and 110?
10
Let u be (-1)/3 + (-4)/(-12). Suppose u = -q + 3. Suppose -5*i = -q*w - 95, -2*i - 2*w = i - 57. What is the highest common factor of 57 and i?
19
Suppose 612 = -3*x + 7*x. Let m(c) be the first derivative of c**3/3 + 9*c**2/2 + 25*c - 20. Let p be m(-8). What is the highest common divisor of x and p?
17
Suppose 102 = 5*n - 18. Suppose -2*h = h + n. Let d be 26*(-4)/h - -2. Calculate the greatest common factor of 10 and d.
5
Suppose 0 = -2*k + 5*w + 59, -k - 4*w + 24 = -12. Let j be (-2 + k)/(6/40). Suppose 4*z - j = -z. Calculate the highest common divisor of z and 20.
20
Let k be (-372)/12*-2*3/6. What is the highest common divisor of k and 1457?
31
Let v be (6/(-3) - (-49)/28)*-44. What is the greatest common divisor of 44 and v?
11
Let i(j) = -8*j + 107. Let l be i(9). Calculate the highest common divisor of l and 10.
5
Suppose -22*w = -12*w - 1020. What is the highest common divisor of 170 and w?
34
Let m(z) = 2*z + 16. Let k be m(11). Suppose 3*s - 8 = -5*c + 106, -s - 5*c + k = 0. What is the greatest common factor of 57 and s?
19
Let i(p) = 3*p - 2. Let u be i(2). Suppose 2*r + 70 = u*v, -26 = -2*v + 4*r + 18. Calculate the highest common divisor of 4 and v.
4
Let a = 11 + 5. Let m = a + -13. Suppose 7 - 1 = m*p. What is the highest common divisor of 2 and p?
2
Let v = 209 - 188. Calculate the highest common factor of v and 7.
7
Let f be ((-21)/14)/(3/(-78)). Suppose 0 = 4*q - 2 - 10. Suppose q*l = -2*l + 130. What is the highest common divisor of l and f?
13
Let a(g) = -g**3 + 54*g**2 + 111*g + 134. Let z be a(56). Calculate the greatest common factor of z and 143.
13
Let v(g) = -g**3 - g**2 + 9*g + 6. Let i(j) = j**3 + 6*j**2 - 4*j + 17. Let q be i(-7). Let m be v(q). Calculate the highest common factor of 54 and m.
18
Suppose b - 16 = -3*b. Let f(s) = -10*s - 9 + 6 - 3. Let k be f(-1). What is the greatest common divisor of k and b?
4
Suppose 4*i = g + 167, 0 = -0*g + 4*g - 20. Let n = 44 - i. What is the greatest common factor of n and 8?
1
Let r(t) = 3*t**3 - 2*t**2 + 32*t - 50. Let s be r(2). Suppose 23 = 3*l - 13. Calculate the greatest common divisor of l and s.
6
Suppose 2*z = -3*z + 240. Let w(a) = a**2 - 49. Let v be w(9). Calculate the highest common factor of z and v.
16
Let x(v) = 8*v + 53. Let b be x(-5). Let u(p) = p + 1. Let l be u(b). What is the highest common factor of l and 84?
14
Let l = -436 - -616. What is the highest common factor of 225 and l?
45
Let p be 4/6*(-2 + 8). Suppose -p*i = -8*i - 96. Let o be i*(-3)/6*2. What is the highest common factor of 16 and o?
8
Let u = -17 + 39. Suppose -18 = n - u. Suppose 8*r = n*r + 96. Calculate the highest common divisor of r and 60.
12
Let r be 1/5 + (-118)/(-10). Let h(x) = -42*x + 840. Let o be h(18). Calculate the highest common factor of o and r.
12
Suppose -13 = -3*l + 5*c - 4, 3*l = -4*c + 9. Let h(j) = 17*j**2 - 4*j - 5. Let z be h(l). What is the greatest common divisor of z and 17?
17
Suppose -3*p - 15 = -198. Suppose -p = -6*x + 5. What is the highest common factor of 66 and x?
11
Suppose 0 = 33*b - b - 96. What is the greatest common factor of b and 13?
1
Let q = 178 + 428. Suppose -2*s + x + 196 = 0, -3*x + q = 4*s + 214. What is the greatest common divisor of 14 and s?
14
Let m = -65 - -131. Let j(y) = -4*y - 94. Let u be j(-29). What is the highest common divisor of m and u?
22
Let w be (888/(-20))/((-10)/75). Let f be 1044/28 + (-6)/21. Calculate the highest common factor of f and w.
37
Suppose 63*u + 1932 = 86*u. Calculate the highest common divisor of u and 308.
28
Suppose -k + 4*k + 2*a = 100, -5*k = a - 169. Calculate the highest common divisor of 8 and k.
2
Let g be (81/(-18))/(6/(-8)). Let b be g + (-4)/1 + 150. What is the greatest common divisor of 19 and b?
19
Let w be (23 - 3)/((-4)/(-8)*4). Suppose w = -2*s + 3*s. What is the highest common factor of s and 80?
10
Suppose a - 25 = -5*c - 4, 3*c = 4*a + 8. What is the greatest common factor of 5 and c?
1
Suppo